
-253
-1101010111011 (base 2) to base 12
-3b63
-5034 (base 6) to base 9
-1454
Convert -31062 (base 8) to base 2.
-11001000110010
-1101111111110 (base 2) to base 5
-212131
Convert 3853 (base 13) to base 12.
4777
What is 2012202 (base 5) in base 9?
48122
What is 22220100 (base 3) in base 15?
1dc9
What is 21011012 (base 3) in base 7?
21131
What is 46552 (base 8) in base 11?
13987
1203 (base 9) to base 3
1020010
Convert -1a101 (base 11) to base 9.
-42452
What is 13825 (base 11) in base 16?
4cad
Convert -4a3 (base 13) to base 3.
-1002222
Convert -101111111 (base 2) to base 7.
-1055
110000001100 (base 2) to base 4
300030
Convert -1410 (base 5) to base 12.
-172
Convert 1248 (base 11) to base 4.
121121
What is 111001011000 (base 2) in base 3?
12001000
13201 (base 4) to base 15
221
What is -32412 (base 5) in base 11?
-174a
Convert -152505 (base 6) to base 16.
-3a19
-16c (base 15) to base 16
-147
What is -a8f (base 16) in base 10?
-2703
Convert -5141 (base 6) to base 11.
-948
Convert 3a5a (base 14) to base 12.
5b40
-122221 (base 3) to base 8
-744
-206 (base 12) to base 15
-149
What is -683b (base 13) in base 9?
-22004
-1213 (base 7) to base 14
-243
What is -3061 (base 11) in base 13?
-1b04
Convert c91 (base 13) to base 15.
981
122210 (base 5) to base 15
15c0
What is -1f6f (base 16) in base 13?
-3880
11111101 (base 2) to base 5
2003
What is -6a (base 12) in base 7?
-145
What is -46363 (base 7) in base 14?
-446a
-103321 (base 6) to base 14
-3185
What is 12169 (base 14) in base 4?
22302201
What is -55445 (base 6) in base 2?
-1111000110101
What is 1001121 (base 3) in base 14?
3d2
8539 (base 12) to base 11
aa63
Convert -14436 (base 8) to base 15.
-1d8a
What is -204 (base 5) in base 2?
-110110
3b2 (base 12) to base 4
20312
-31580 (base 10) to base 8
-75534
1001110010 (base 2) to base 16
272
What is 314204 (base 5) in base 2?
10100100111010
-3749 (base 12) to base 15
-1cb9
-10201 (base 3) to base 9
-121
What is -30d (base 15) in base 13?
-40c
Convert -562 (base 10) to base 15.
-277
What is -332103 (base 4) in base 15?
-12ac
What is 8809 (base 13) in base 7?
106132
What is 30573 (base 9) in base 13?
9234
Convert 1041 (base 14) to base 9.
3752
What is 123644 (base 7) in base 5?
1213324
Convert -1021211 (base 3) to base 5.
-12230
What is 1011021 (base 3) in base 7?
2314
Convert 3200 (base 6) to base 13.
435
What is -94e (base 15) in base 12?
-126b
What is 126 (base 7) in base 8?
105
What is -5c1 (base 16) in base 5?
-21343
-45 (base 11) to base 6
-121
11620 (base 7) to base 10
3052
What is 310 (base 9) in base 3?
100100
-59349 (base 10) to base 13
-21024
Convert 14c79 (base 15) to base 6.
1233523
Convert -147 (base 14) to base 5.
-2014
122 (base 16) to base 2
100100010
Convert 1210100 (base 4) to base 6.
45412
What is -12b (base 14) in base 9?
-281
Convert 1882 (base 9) to base 8.
2653
What is 1707 (base 14) in base 2?
1000000011011
-4813 (base 13) to base 11
-76a3
Convert -267 (base 10) to base 16.
-10b
Convert b5 (base 12) to base 6.
345
189 (base 14) to base 16
13d
Convert 464 (base 11) to base 14.
2b8
Convert 1a3a (base 11) to base 4.
220120
What is 14578 (base 11) in base 5?
1130110
What is -22002220 (base 3) in base 6?
-43210
Convert 6752 (base 10) to base 14.
2664
What is 3230 (base 4) in base 10?
236
-1608 (base 13) to base 7
-12246
What is -1000100010101000 (base 2) in base 3?
-1202222201
Convert 11623 (base 10) to base 11.
8807
Convert 1233133 (base 5) to base 15.
7263
What is -713 (base 10) in base 14?
-38d
-210430 (base 6) to base 15
-5090
Convert -2633 (base 8) to base 4.
-112123
Convert 1388 (base 14) to base 5.
102302
What is 102211022 (base 3) in base 11?
6528
What is 375 (base 10) in base 11?
311
What is -346 (base 12) in base 3?
-200000
Convert -707 (base 13) to base 14.
-610
What is -939 (base 10) in base 8?
-1653
Convert -7188 (base 10) to base 12.
-41b0
Convert b05 (base 15) to base 2.
100110110000
What is 11020221 (base 3) in base 12?
1967
Convert 2333 (base 9) to base 13.
a32
What is 5540 (base 7) in base 10?
1988
-12a9 (base 11) to base 16
-69c
-5513 (base 7) to base 2
-11110110010
Convert 1751 (base 10) to base 7.
5051
-18a0a (base 12) to base 5
-2123020
Convert -1812 (base 10) to base 15.
-80c
What is 10541 (base 8) in base 6?
32333
Convert -250 (base 12) to base 13.
-20a
-8144 (base 9) to base 15
-1b6d
What is -4915 (base 10) in base 2?
-1001100110011
Convert 244325 (base 6) to base 7.
120224
Convert -1120202 (base 3) to base 5.
-14104
361404 (base 7) to base 5
4042440
What is 624 (base 10) in base 16?
270
735 (base 10) to base 7
2100
933 (base 13) to base 5
22223
What is -1e3 (base 15) in base 7?
-1164
Convert 1d6 (base 16) to base 13.
2a2
What is 201002 (base 3) in base 4?
20003
Convert 12301 (base 6) to base 16.
72d
-1793 (base 14) to base 16
-1095
13410 (base 5) to base 13
670
-20341 (base 6) to base 2
-101010100101
What is -391e (base 16) in base 10?
-14622
-343411 (base 5) to base 7
-51011
-2135 (base 6) to base 16
-1eb
Convert 12101131 (base 4) to base 2.
110010001011101
330131 (base 4) to base 10
3869
Convert 1000001010100001 (base 2) to base 15.
9d96
Convert 1010010100 (base 2) to base 16.
294
2015 (base 6) to base 16
1bb
-253153 (base 6) to base 3
-1011012120
Convert -3a90 (base 15) to base 4.
-3003132
Convert 25471 (base 8) to base 2.
10101100111001
27e8 (base 15) to base 3
102201102
What is -232665 (base 7) in base 14?
-1136c
-2201301 (base 4) to base 13
-4935
What is -10011000101001 (base 2) in base 8?
-23051
-23400 (base 7) to base 2
-1011110001011
Convert 1100202 (base 3) to base 2.
1111100000
What is -12215 (base 8) in base 5?
-132021
What is 41a (base 15) in base 8?
1635
-13120 (base 4) to base 15
-217
What is 205045 (base 8) in base 14?
1ab89
Convert 1202222210 (base 3) to base 6.
425550
-a6a5 (base 14) to base 2
-111000001011001
What is -10299 (base 11) in base 10?
-14991
24432 (base 5) to base 2
11101001011
Convert 465 (base 11) to base 7.
1422
Convert -1a5 (base 15) to base 2.
-101111100
What is 1040 (base 10) in base 15?
495
1a9 (base 15) to base 10
384
Convert -348 (base 13) to base 2.
-1000110111
Convert -6f4 (base 16) to base 15.
-7da
-4557 (base 9) to base 5
-101443
-628 (base 16) to base 4
-120220
Convert -156535 (base 7) to base 13.
-11236
What is 134344 (base 5) in base 15?
19d4
What is a23 (base 13) in base 5?
23334
What is -4010 (base 9) in base 16?
-b6d
What is -61a5 (base 15) in base 3?
-1001022002
Convert -107557 (base 8) to base 15.
-ad2e
Convert 834 (base 9) to base 7.
1660
Convert 3c3 (base 15) to base 11.
710
Convert -25e4 (base 16) to base 9.
-14267
-3142 (base 5) to base 14
-222
Convert -aca1 (base 15) to base 2.
-1000111011111001
Convert 222 (base 10) to base 7.
435
What is -16334 (base 8) in base 12?
-4338
-11c24 (base 15) to base 2
-1101110110011110
What is 11603 (base 9) in base 8?
17143
-193 (base 12) to base 4
-3333
3012 (base 10) to base 6
21540
-1100111111011 (base 2) to base 3
-100010100
What is -444 (base 8) in base 3?
-101211
What is -52d (base 15) in base 16?
-490
-416 (base 13) to base 10
-695
778 (base 10) to base 3
1001211
5a39 (base 13) to base 12
7443
Convert 30583 (base 9) to base 2.
100111011000011
What is -534 (base 13) in base 7?
-2406
1001001110 (base 2) to base 9
725
What is -54525 (base 6) in base 7?
-30662
313 (base 12) to base 6
2023
Convert 1223013 (base 4) to base 16.
1ac7
What is -7712 (base 9) in base 3?
-21210102
What is 56b (base 12) in base 2?
1100100011
What is 4475 (base 9) in base 12?
1ab8
What is b602 (base 13) in base 16?
625f
a27 (base 13) to base 14
8b1
Convert 1244 (base 6) to base 7.
631
Convert -112311 (base 4) to base 3.
-2000010
What is 10435 (base 6) in base 5?
21323
What is -21054 (base 8) in base 16?
-222c
Convert 131135 (base 9) to base 6.
1412222
Convert 3ea (base 15) to base 4.
31333
Convert -5150 (base 7) to base 5.
-24144
Convert 445 (base 13) to base 11.
607
Convert -162 (base 7) to base 14.
-69
Convert -18 (base 9) to base 11.
-16
74b1 (base 13) to base 8
37507
What is -1034 (base 10) in base 7?
-3005
What is -221120 (base 3) in base 11?
-578
13445 (base 8) to base 4
1130211
-323301 (base 5) to base 7
-44202
Convert 1125 (base 6) to base 11.
225
What is -56323 (base 8) in base 10?
-23763
476 (base 11) to base 7
1440
Convert -2478 (base 10